{"id":47,"date":"2015-01-03T14:53:16","date_gmt":"2015-01-03T13:53:16","guid":{"rendered":"http:\/\/cycloide.ch\/?page_id=47"},"modified":"2015-03-11T20:35:17","modified_gmt":"2015-03-11T19:35:17","slug":"electricite","status":"publish","type":"page","link":"https:\/\/cycloide.ch\/?page_id=47","title":{"rendered":"Electricit\u00e9"},"content":{"rendered":"<p><a title=\"historique\" href=\"http:\/\/cycloide.ch\/industri.svg\" target=\"_blank\">Historique<\/a><\/p>\n<p><a title=\"Intensit\u00e9\" href=\"http:\/\/cycloide.ch\/intensite.svg\" target=\"_blank\">Intensit\u00e9<\/a><\/p>\n<p><a title=\"Fusibles\" href=\"http:\/\/cycloide.ch\/fusibles.svg\" target=\"_blank\">Fusibles<\/a><\/p>\n<p><a title=\"G\u00e9n\u00e9rateur\" href=\"http:\/\/cycloide.ch\/generateur.svg\" target=\"_blank\">G\u00e9n\u00e9rateur<\/a><\/p>\n<p>&nbsp;<\/p>\n","protected":false},"excerpt":{"rendered":"<p>Historique Intensit\u00e9 Fusibles G\u00e9n\u00e9rateur &nbsp;<\/p>\n","protected":false},"author":1,"featured_media":0,"parent":0,"menu_order":0,"comment_status":"closed","ping_status":"open","template":"","meta":{"footnotes":""},"class_list":["post-47","page","type-page","status-publish","hentry"],"_links":{"self":[{"href":"https:\/\/cycloide.ch\/index.php?rest_route=\/wp\/v2\/pages\/47","targetHints":{"allow":["GET"]}}],"collection":[{"href":"https:\/\/cycloide.ch\/index.php?rest_route=\/wp\/v2\/pages"}],"about":[{"href":"https:\/\/cycloide.ch\/index.php?rest_route=\/wp\/v2\/types\/page"}],"author":[{"embeddable":true,"href":"https:\/\/cycloide.ch\/index.php?rest_route=\/wp\/v2\/users\/1"}],"replies":[{"embeddable":true,"href":"https:\/\/cycloide.ch\/index.php?rest_route=%2Fwp%2Fv2%2Fcomments&post=47"}],"version-history":[{"count":5,"href":"https:\/\/cycloide.ch\/index.php?rest_route=\/wp\/v2\/pages\/47\/revisions"}],"predecessor-version":[{"id":60,"href":"https:\/\/cycloide.ch\/index.php?rest_route=\/wp\/v2\/pages\/47\/revisions\/60"}],"wp:attachment":[{"href":"https:\/\/cycloide.ch\/index.php?rest_route=%2Fwp%2Fv2%2Fmedia&parent=47"}],"curies":[{"name":"wp","href":"https:\/\/api.w.org\/{rel}","templated":true}]}}